le of 17?
False
Is 53820 a multiple of 52?
True
Is 14116 even?
True
Is 71 a factor of 663123?
False
Is 7390020 a multiple of 1215?
False
Is 26633 a multiple of 237?
False
Is 29414 a multiple of 2?
True
Does 4 divide 21209?
False
Does 36 divide 173432?
False
Does 4 divide 10392?
True
Is 268 a factor of 135831?
False
Is 2959 a multiple of 3?
False
Does 2 divide 208995?
False
Is 448 a factor of 3436608?
True
Is 22 a factor of 1672?
True
Is 7225978 a multiple of 73?
True
Is 25321 a multiple of 5?
False
Is 238343 a multiple of 56?
False
Is 57145 a multiple of 55?
True
Is 1051429 a multiple of 181?
True
Does 146 divide 8776928?
False
Is 1783493 a multiple of 11?
False
Is 30 a factor of 60630?
True
Does 46 divide 6845214?
True
Does 30 divide 1067136?
False
Is 635 a factor of 412750?
True
Does 65 divide 54325?
False
Is 130 a factor of 26000?
True
Is 171276 a multiple of 8?
False
Is 555399 a multiple of 303?
True
Is 7 a factor of 407398?
False
Is 10 a factor of 1822?
False
Is 13 a factor of 1159270?
False
Does 21 divide 837354?
True
Is 566 a factor of 3043251?
False
Is 68 a factor of 61132?
True
Is 586108 a multiple of 16?
False
Is 11 a factor of 28717?
False
Is 3921005 a multiple of 11?
True
Is 631757 a multiple of 11?
False
Is 439014 a multiple of 114?
True
Is 377 a factor of 201959?
False
Is 29 a factor of 6488141?
True
Does 71 divide 378184?
False
Is 209568 a multiple of 16?
True
Does 4 divide 20924?
True
Is 856 a factor of 14607640?
True
Does 235 divide 267195?
True
Is 244 a factor of 6244204?
True
Is 10 a factor of 1566899?
False
Is 1590580 a multiple of 111?
False
Does 22 divide 1157960?
False
Does 15 divide 3378495?
True
Is 291223 a multiple of 3?
False
Is 25528076 a multiple of 74?
True
Does 827 divide 1691273?
False
Does 23 divide 639607?
True
Is 598815 a multiple of 15?
True
Is 308 a factor of 244240?
False
Is 1670901 a multiple of 107?
False
Is 12 a factor of 560820?
True
Is 239904 a multiple of 336?
True
Is 235352 a multiple of 4?
True
Is 645872 a multiple of 23?
False
Does 339 divide 128142?
True
Is 85 a factor of 163545?
False
Is 16 a factor of 6582?
False
Is 169 a factor of 15026?
False
Does 68 divide 208384?
False
Does 86 divide 24424?
True
Is 3 a factor of 111682?
False
Is 5714261 a multiple of 906?
False
Does 524 divide 7504198?
False
Is 694 a factor of 690582?
False
Does 7 divide 196212?
False
Is 5913 a multiple of 27?
True
Is 11 a factor of 20200?
False
Is 16 a factor of 10269?
False
Is 61 a factor of 44164?
True
Is 2 a factor of 478944?
True
Is 5 a factor of 15040?
True
Does 18 divide 1402074?
True
Is 506 a factor of 11840991?
False
Is 138 a factor of 22057?
False
Does 162 divide 298782?
False
Does 528 divide 3392050?
False
Is 3 a factor of 42107?
False
Does 104 divide 4141134?
False
Is 359686 a multiple of 71?
True
Is 4841810 a multiple of 19?
False
Does 7 divide 12317?
False
Is 152 a factor of 104120?
True
Does 92 divide 9856?
False
Is 11 a factor of 1036227?
False
Is 6972 a multiple of 7?
True
Does 230 divide 2434550?
True
Is 1729798 a multiple of 929?
True
Does 122 divide 2213326?
False
Does 19 divide 11409?
False
Is 153 a factor of 175629?
False
Is 644778 a multiple of 26?
False
Does 59 divide 273077?
False
Does 15 divide 2690136?
False
Is 226096 a multiple of 26?
True
Does 548 divide 266006?
False
Does 20 divide 13233920?
True
Is 16 a factor of 2854800?
True
Does 47 divide 127801?
False
Is 1751560 a multiple of 4?
True
Does 8 divide 1679950?
False
Is 25 a factor of 55577?
False
Is 513 a factor of 38763293?
False
Is 5194928 a multiple of 269?
True
Does 174 divide 19836?
True
Is 28 a factor of 2645105?
False
Is 195300 a multiple of 180?
True
Does 38 divide 630792?
False
Is 11 a factor of 13257657?
False
Does 87 divide 73863?
True
Does 138 divide 3079746?
True
Is 232 a factor of 857240?
True
Is 76 a factor of 180573?
False
Does 94 divide 658146?
False
Is 359 a factor of 65697?
True
Does 32 divide 187360?
True
Does 75 divide 3231146?
False
Does 11 divide 142813?
True
Is 65209 a multiple of 61?
True
Is 503076 a multiple of 1356?
True
Is 9821770 a multiple of 8?
False
Is 81347 a multiple of 27?
False
Is 5375121 a multiple of 29?
True
Does 243 divide 6182406?
True
Does 274 divide 652394?
True
Is 34 a factor of 244957?
False
Is 132287 a multiple of 116?
False
Is 16533 a multiple of 2?
False
Does 19 divide 1658829?
False
Does 2 divide 465599?
False
Is 232583 a multiple of 13?
True
Is 16470481 a multiple of 143?
False
Is 27 a factor of 359127?
True
Is 117 a factor of 110714?
False
Does 110 divide 114400?
True
Does 20 divide 254748?
False
Does 128 divide 41216?
True
Is 352834 a multiple of 31?
False
Is 16 a factor of 19730805?
False
Is 6 a factor of 120704?
False
Is 39260429 a multiple of 13?
True
Is 3 a factor of 8216?
False
Is 26 a factor of 2734082?
True
Is 154 a factor of 127168?
False
Is 154 a factor of 986183?
False
Is 227979 a multiple of 73?
True
Does 10 divide 199180?
True
Is 40 a factor of 155840?
True
Is 66 a factor of 189090?
True
Is 57521 a multiple of 28?
False
Is 206941 a multiple of 17?
True
Is 21 a factor of 9563670?
False
Is 1386442 a multiple of 73?
False
Does 22 divide 230280?
False
Is 2924462 a multiple of 491?
False
Is 56 a factor of 1584072?
True
Is 113 a factor of 46669?
True
Is 18 a factor of 36072?
True
Is 155470 a multiple of 7?
True
Does 4 divide 119949?
False
Does 106 divide 340366?
True
Is 921 a factor of 4826452?
False
Is 221 a factor of 10067434?
True
Does 122 divide 5524282?
True
Is 7847319 a multiple of 30?
False
Is 35 a factor of 61985?
True
Does 24 divide 2230995?
False
Is 303862 a multiple of 20?
False
Does 13 divide 3708965?
True
Is 1222398 a multiple of 54?
True
Is 12461377 a multiple of 572?
False
Is 35 a factor of 87355?
False
Is 1562412 a multiple of 8?
False
Does 182 divide 410121?
False
Is 207 a factor of 309672?
True
Is 127 a factor of 226187?
True
Does 309 divide 9410904?
True
Is 525 a factor of 2648994?
False
Is 2048130 a multiple of 630?
True
Does 12 divide 206652?
True
Does 733 divide 533846?
False
Does 18 divide 406512?
True
Does 11 divide 369308?
False
Does 13 divide 130753?
False
Is 8 a factor of 3294125?
False
Is 11046322 a multiple of 142?
True
Is 869 a factor of 1631982?
True
Is 6 a factor of 4914978?
True
Does 704 divide 1924736?
True
Is 39 a factor of 5063419?
False
Is 5 a factor of 57675?
True
Is 2826785 a multiple of 10?
False
Is 57 a factor of 9204246?
True
Is 1096668 a multiple of 164?
True
Does 3 divide 5166?
True
Does 222 divide 2395488?
False
Is 37 a factor of 11445717?
False
Does 5 divide 123785?
True
Is 519426 a multiple of 7?
False
Is 546186 a multiple of 8?
False
Is 2244113 a multiple of 26?
False
Does 8 divide 2122888?
True
Is 8391447 a multiple of 9?
True
Is 624539 a multiple of 61?
False
Is 155958 a multiple of 139?
True
Does 991 divide 2408130?
True
Does 440 divide 255377?
False
Is 3 a factor of 104802?
True
Is 7 a factor of 366695?
True
Is 66 a factor of 168696?
True
Is 10331091 a multiple of 93?
True
Does 32 divide 2143104?
True
Is 57 a factor of 519042?
True
Does 15 divide 174645?
True
Does 6 divide 31183?
False
Does 74 divide 109298?
True
Is 37 a factor of 23786?
False
Is 17760 a multiple of 74?
True
Is 13506960 a multiple of 24?
True
Is 6156154 a multiple of 1228?
False
Does 27 divide 17604486?
True
Is 374 a factor of 4546370?
False
Is 1144 a factor of 6338904?
True
Is 26308 a multiple of 123?
False
Does 41 divide 316766?
True
Is 16 a factor of 4872684?
False
Does 3 divide 29753?
False
Does 54 divide 60646?
False
Is 902 a factor of 6653404?
False
Is 15 a factor of 798135?
True
Is 564486 a multiple of 13?
True
Does 25 divide 376729?
False
Is 9 a factor of 2243304?
True
Is 131439 a multiple of 10?
False
Does 115 divide 357841?
False
Is 25245922 a multiple of 37?
False
Does 382 divide 814424?
True
Is 897 a factor of 3889056?
False
Is 15 a factor of 16550447?
False
Does 47 divide 265597?
True
Is 3 a factor of 14586?
True
Does 72 divide 150480?
True
Is 2163721 a multiple of 322?
False
Does 27 divide 97147?
False
Does 688 divide 12182390?
False
Does 199 divide 8163406?
False
Is 12 a factor of 19044?
True
Is 1893041 a multiple of 2?
False
Does 11 divide 31803?
False
Is 21 a factor of 315407?
False
Is 27180 a multiple of 9?
True
Is 378 a factor of 7600824?
True
D